{"id":96,"date":"2016-09-02T10:08:09","date_gmt":"2016-09-02T08:08:09","guid":{"rendered":"http:\/\/snirscfecgc.neowordpress.fr\/?page_id=96"},"modified":"2026-01-17T17:04:44","modified_gmt":"2026-01-17T16:04:44","slug":"le-bureau","status":"publish","type":"page","link":"https:\/\/snirs-cfecgc.fr\/?page_id=96","title":{"rendered":"Le bureau national"},"content":{"rendered":"\n<figure class=\"wp-block-image is-resized\"><img decoding=\"async\" width=\"300\" height=\"133\" src=\"https:\/\/snirs-cfecgc.fr\/wp-content\/uploads\/7885909329169521071-1-300x133.jpg\" alt=\"\" class=\"wp-image-4652\" style=\"width:435px;height:auto\" srcset=\"https:\/\/snirs-cfecgc.fr\/wp-content\/uploads\/7885909329169521071-1-300x133.jpg 300w, https:\/\/snirs-cfecgc.fr\/wp-content\/uploads\/7885909329169521071-1-1024x453.jpg 1024w, https:\/\/snirs-cfecgc.fr\/wp-content\/uploads\/7885909329169521071-1-150x66.jpg 150w, https:\/\/snirs-cfecgc.fr\/wp-content\/uploads\/7885909329169521071-1-768x340.jpg 768w, https:\/\/snirs-cfecgc.fr\/wp-content\/uploads\/7885909329169521071-1-1536x679.jpg 1536w, https:\/\/snirs-cfecgc.fr\/wp-content\/uploads\/7885909329169521071-1.jpg 1574w\" sizes=\"(max-width: 300px) 100vw, 300px\" \/><\/figure>\n\n\n\n<figure class=\"wp-block-table is-style-stripes\"><table class=\"has-fixed-layout\"><tbody><tr><td><strong>Secr\u00e9taire g\u00e9n\u00e9ral<\/strong><\/td><td>Laurent COSTE (agr\u00e9g\u00e9 d\u2019histoire, professeur d\u2019histoire moderne), universit\u00e9 Bordeaux Montaigne (laurent.coste[@]u-bordeaux-montaigne.fr)<\/td><\/tr><tr><td><strong>Secr\u00e9taire g\u00e9n\u00e9ral adjoint<\/strong><\/td><td>Arnaud HUREL (Ing\u00e9nieur de recherche HC)<em>, <\/em>Mus\u00e9um national d&rsquo;histoire naturelle (arnaud.hurel[@]mnhn.fr<\/td><\/tr><tr><td><strong>Tr\u00e9sorier<\/strong><\/td><td>Willy BIENVENUT (charg\u00e9 de recherche CNRS), universit\u00e9 Paris-Saclay, INRAE, CNRS, AgroParisTech (willy.bienvenut[@]cnrs.fr)<\/td><\/tr><tr><td><strong>Tr\u00e9sori\u00e8re adjointe<\/strong><\/td><td>B\u00e9n\u00e9dicte CHABANNAT, universit\u00e9 Toulouse Capitole<\/td><\/tr><tr><td><strong>D\u00e9l\u00e9gu\u00e9s nationaux<\/strong><\/td><td>&nbsp;<\/td><\/tr><tr><td class=\"has-text-align-right\" data-align=\"right\">D\u00e9l\u00e9gu\u00e9 national aux universit\u00e9s<\/td><td>Laurent COSTE<\/td><\/tr><tr><td class=\"has-text-align-right\" data-align=\"right\">D\u00e9l\u00e9gu\u00e9 national aux Grands \u00e9tablissements<\/td><td>Arnaud HUREL<\/td><\/tr><tr><td class=\"has-text-align-right\" data-align=\"right\">D\u00e9l\u00e9gu\u00e9 national CNRS<\/td><td>Willy BIENVENUT<\/td><\/tr><tr><td class=\"has-text-align-right\" data-align=\"right\">D\u00e9l\u00e9gu\u00e9 national au CNOUS<\/td><td>Hypolithe ASSOBAVI (directeur d&rsquo;unit\u00e9 de Gestion), CROUS de Lille (<span id=\"OBJ_PREFIX_DWT144_ZmEmailObjectHandler\" class=\"Object\" role=\"link\"><a href=\"mailto:crous@snirs-cfecgc.fr\" target=\"_blank\" rel=\"nofollow noopener noreferrer\">crous@snirs-cfecgc.fr<\/a><\/span>)<\/td><\/tr><tr><td class=\"has-text-align-right\" data-align=\"right\">Retrait\u00e9s UNIR<\/td><td>Philippe GEOFFROY (charg\u00e9 de recherche CNRS \u00e0 la retraite)<\/td><\/tr><\/tbody><\/table><\/figure>\n\n\n\n<p class=\"has-text-align-center\"><strong>&nbsp;<\/strong><\/p>\n","protected":false},"excerpt":{"rendered":"<p>Secr\u00e9taire g\u00e9n\u00e9ral Laurent COSTE (agr\u00e9g\u00e9 d\u2019histoire, professeur d\u2019histoire moderne), universit\u00e9 Bordeaux Montaigne (laurent.coste[@]u-bordeaux-montaigne.fr) Secr\u00e9taire g\u00e9n\u00e9ral adjoint Arnaud HUREL (Ing\u00e9nieur de recherche HC), Mus\u00e9um national d&rsquo;histoire naturelle (arnaud.hurel[@]mnhn.fr Tr\u00e9sorier Willy BIENVENUT (charg\u00e9 de recherche CNRS), universit\u00e9 Paris-Saclay, INRAE, CNRS, AgroParisTech (willy.bienvenut[@]cnrs.fr) Tr\u00e9sori\u00e8re adjointe B\u00e9n\u00e9dicte CHABANNAT, universit\u00e9 Toulouse Capitole D\u00e9l\u00e9gu\u00e9s nationaux &nbsp; D\u00e9l\u00e9gu\u00e9 national aux universit\u00e9s Laurent [&hellip;]<\/p>\n","protected":false},"author":2,"featured_media":0,"parent":25,"menu_order":3,"comment_status":"closed","ping_status":"closed","template":"","meta":{"_bbp_topic_count":0,"_bbp_reply_count":0,"_bbp_total_topic_count":0,"_bbp_total_reply_count":0,"_bbp_voice_count":0,"_bbp_anonymous_reply_count":0,"_bbp_topic_count_hidden":0,"_bbp_reply_count_hidden":0,"_bbp_forum_subforum_count":0,"om_disable_all_campaigns":false,"footnotes":""},"class_list":["post-96","page","type-page","status-publish","hentry"],"yoast_head":"<!-- This site is optimized with the Yoast SEO plugin v27.2 - https:\/\/yoast.com\/product\/yoast-seo-wordpress\/ -->\n<title>snirs-cfeccgc\/le-bureau<\/title>\n<meta name=\"robots\" content=\"index, follow, max-snippet:-1, max-image-preview:large, max-video-preview:-1\" \/>\n<link rel=\"canonical\" href=\"https:\/\/snirs-cfecgc.fr\/?page_id=96\" class=\"yoast-seo-meta-tag\" \/>\n<meta property=\"og:locale\" content=\"fr_FR\" class=\"yoast-seo-meta-tag\" \/>\n<meta property=\"og:type\" content=\"article\" class=\"yoast-seo-meta-tag\" \/>\n<meta property=\"og:title\" content=\"snirs-cfeccgc\/le-bureau\" class=\"yoast-seo-meta-tag\" \/>\n<meta property=\"og:description\" content=\"Secr\u00e9taire g\u00e9n\u00e9ral Laurent COSTE (agr\u00e9g\u00e9 d\u2019histoire, professeur d\u2019histoire moderne), universit\u00e9 Bordeaux Montaigne (laurent.coste[@]u-bordeaux-montaigne.fr) Secr\u00e9taire g\u00e9n\u00e9ral adjoint Arnaud HUREL (Ing\u00e9nieur de recherche HC), Mus\u00e9um national d&rsquo;histoire naturelle (arnaud.hurel[@]mnhn.fr Tr\u00e9sorier Willy BIENVENUT (charg\u00e9 de recherche CNRS), universit\u00e9 Paris-Saclay, INRAE, CNRS, AgroParisTech (willy.bienvenut[@]cnrs.fr) Tr\u00e9sori\u00e8re adjointe B\u00e9n\u00e9dicte CHABANNAT, universit\u00e9 Toulouse Capitole D\u00e9l\u00e9gu\u00e9s nationaux &nbsp; D\u00e9l\u00e9gu\u00e9 national aux universit\u00e9s Laurent [&hellip;]\" class=\"yoast-seo-meta-tag\" \/>\n<meta property=\"og:url\" content=\"https:\/\/snirs-cfecgc.fr\/?page_id=96\" class=\"yoast-seo-meta-tag\" \/>\n<meta property=\"og:site_name\" content=\"Syndicat National Ind\u00e9pendant de la Recherche Scientifique et de l&#039;Enseignement Sup\u00e9rieur\" class=\"yoast-seo-meta-tag\" \/>\n<meta property=\"article:modified_time\" content=\"2026-01-17T16:04:44+00:00\" class=\"yoast-seo-meta-tag\" \/>\n<meta property=\"og:image\" content=\"https:\/\/snirs-cfecgc.fr\/wp-content\/uploads\/7885909329169521071-1.jpg\" class=\"yoast-seo-meta-tag\" \/>\n\t<meta property=\"og:image:width\" content=\"1574\" class=\"yoast-seo-meta-tag\" \/>\n\t<meta property=\"og:image:height\" content=\"696\" class=\"yoast-seo-meta-tag\" \/>\n\t<meta property=\"og:image:type\" content=\"image\/jpeg\" class=\"yoast-seo-meta-tag\" \/>\n<meta name=\"twitter:card\" content=\"summary_large_image\" class=\"yoast-seo-meta-tag\" \/>\n<meta name=\"twitter:site\" content=\"@SnirsCGC\" class=\"yoast-seo-meta-tag\" \/>\n<meta name=\"twitter:label1\" content=\"Dur\u00e9e de lecture estim\u00e9e\" class=\"yoast-seo-meta-tag\" \/>\n\t<meta name=\"twitter:data1\" content=\"1 minute\" class=\"yoast-seo-meta-tag\" \/>\n<script type=\"application\/ld+json\" class=\"yoast-schema-graph\">{\"@context\":\"https:\/\/schema.org\",\"@graph\":[{\"@type\":\"WebPage\",\"@id\":\"https:\/\/snirs-cfecgc.fr\/?page_id=96\",\"url\":\"https:\/\/snirs-cfecgc.fr\/?page_id=96\",\"name\":\"snirs-cfeccgc\/le-bureau\",\"isPartOf\":{\"@id\":\"https:\/\/snirs-cfecgc.fr\/#website\"},\"primaryImageOfPage\":{\"@id\":\"https:\/\/snirs-cfecgc.fr\/?page_id=96#primaryimage\"},\"image\":{\"@id\":\"https:\/\/snirs-cfecgc.fr\/?page_id=96#primaryimage\"},\"thumbnailUrl\":\"https:\/\/snirs-cfecgc.fr\/wp-content\/uploads\/7885909329169521071-1-300x133.jpg\",\"datePublished\":\"2016-09-02T08:08:09+00:00\",\"dateModified\":\"2026-01-17T16:04:44+00:00\",\"breadcrumb\":{\"@id\":\"https:\/\/snirs-cfecgc.fr\/?page_id=96#breadcrumb\"},\"inLanguage\":\"fr-FR\",\"potentialAction\":[{\"@type\":\"ReadAction\",\"target\":[\"https:\/\/snirs-cfecgc.fr\/?page_id=96\"]}]},{\"@type\":\"ImageObject\",\"inLanguage\":\"fr-FR\",\"@id\":\"https:\/\/snirs-cfecgc.fr\/?page_id=96#primaryimage\",\"url\":\"https:\/\/snirs-cfecgc.fr\/wp-content\/uploads\/7885909329169521071-1.jpg\",\"contentUrl\":\"https:\/\/snirs-cfecgc.fr\/wp-content\/uploads\/7885909329169521071-1.jpg\",\"width\":1574,\"height\":696},{\"@type\":\"BreadcrumbList\",\"@id\":\"https:\/\/snirs-cfecgc.fr\/?page_id=96#breadcrumb\",\"itemListElement\":[{\"@type\":\"ListItem\",\"position\":1,\"name\":\"Accueil\",\"item\":\"https:\/\/snirs-cfecgc.fr\/\"},{\"@type\":\"ListItem\",\"position\":2,\"name\":\"Nous conna\u00eetre\",\"item\":\"https:\/\/snirs-cfecgc.fr\/?page_id=25\"},{\"@type\":\"ListItem\",\"position\":3,\"name\":\"Le bureau national\"}]},{\"@type\":\"WebSite\",\"@id\":\"https:\/\/snirs-cfecgc.fr\/#website\",\"url\":\"https:\/\/snirs-cfecgc.fr\/\",\"name\":\"Syndicat National Ind\u00e9pendant de la Recherche Scientifique et de l'Enseignement Sup\u00e9rieur\",\"description\":\"Ne pas prendre parti, c&#039;est accepter le parti pris des autres\",\"publisher\":{\"@id\":\"https:\/\/snirs-cfecgc.fr\/#organization\"},\"alternateName\":\"Snirs CFE-CGC\",\"potentialAction\":[{\"@type\":\"SearchAction\",\"target\":{\"@type\":\"EntryPoint\",\"urlTemplate\":\"https:\/\/snirs-cfecgc.fr\/?s={search_term_string}\"},\"query-input\":{\"@type\":\"PropertyValueSpecification\",\"valueRequired\":true,\"valueName\":\"search_term_string\"}}],\"inLanguage\":\"fr-FR\"},{\"@type\":\"Organization\",\"@id\":\"https:\/\/snirs-cfecgc.fr\/#organization\",\"name\":\"SNIRS CFE-CGC\",\"alternateName\":\"SNIRS\",\"url\":\"https:\/\/snirs-cfecgc.fr\/\",\"logo\":{\"@type\":\"ImageObject\",\"inLanguage\":\"fr-FR\",\"@id\":\"https:\/\/snirs-cfecgc.fr\/#\/schema\/logo\/image\/\",\"url\":\"https:\/\/snirs-cfecgc.fr\/wp-content\/uploads\/SNIRS_CFECGCFP-3-300x145-1.png\",\"contentUrl\":\"https:\/\/snirs-cfecgc.fr\/wp-content\/uploads\/SNIRS_CFECGCFP-3-300x145-1.png\",\"width\":300,\"height\":145,\"caption\":\"SNIRS CFE-CGC\"},\"image\":{\"@id\":\"https:\/\/snirs-cfecgc.fr\/#\/schema\/logo\/image\/\"},\"sameAs\":[\"https:\/\/x.com\/SnirsCGC\"]}]}<\/script>\n<!-- \/ Yoast SEO plugin. -->","yoast_head_json":{"title":"snirs-cfeccgc\/le-bureau","robots":{"index":"index","follow":"follow","max-snippet":"max-snippet:-1","max-image-preview":"max-image-preview:large","max-video-preview":"max-video-preview:-1"},"canonical":"https:\/\/snirs-cfecgc.fr\/?page_id=96","og_locale":"fr_FR","og_type":"article","og_title":"snirs-cfeccgc\/le-bureau","og_description":"Secr\u00e9taire g\u00e9n\u00e9ral Laurent COSTE (agr\u00e9g\u00e9 d\u2019histoire, professeur d\u2019histoire moderne), universit\u00e9 Bordeaux Montaigne (laurent.coste[@]u-bordeaux-montaigne.fr) Secr\u00e9taire g\u00e9n\u00e9ral adjoint Arnaud HUREL (Ing\u00e9nieur de recherche HC), Mus\u00e9um national d&rsquo;histoire naturelle (arnaud.hurel[@]mnhn.fr Tr\u00e9sorier Willy BIENVENUT (charg\u00e9 de recherche CNRS), universit\u00e9 Paris-Saclay, INRAE, CNRS, AgroParisTech (willy.bienvenut[@]cnrs.fr) Tr\u00e9sori\u00e8re adjointe B\u00e9n\u00e9dicte CHABANNAT, universit\u00e9 Toulouse Capitole D\u00e9l\u00e9gu\u00e9s nationaux &nbsp; D\u00e9l\u00e9gu\u00e9 national aux universit\u00e9s Laurent [&hellip;]","og_url":"https:\/\/snirs-cfecgc.fr\/?page_id=96","og_site_name":"Syndicat National Ind\u00e9pendant de la Recherche Scientifique et de l&#039;Enseignement Sup\u00e9rieur","article_modified_time":"2026-01-17T16:04:44+00:00","og_image":[{"width":1574,"height":696,"url":"https:\/\/snirs-cfecgc.fr\/wp-content\/uploads\/7885909329169521071-1.jpg","type":"image\/jpeg"}],"twitter_card":"summary_large_image","twitter_site":"@SnirsCGC","twitter_misc":{"Dur\u00e9e de lecture estim\u00e9e":"1 minute"},"schema":{"@context":"https:\/\/schema.org","@graph":[{"@type":"WebPage","@id":"https:\/\/snirs-cfecgc.fr\/?page_id=96","url":"https:\/\/snirs-cfecgc.fr\/?page_id=96","name":"snirs-cfeccgc\/le-bureau","isPartOf":{"@id":"https:\/\/snirs-cfecgc.fr\/#website"},"primaryImageOfPage":{"@id":"https:\/\/snirs-cfecgc.fr\/?page_id=96#primaryimage"},"image":{"@id":"https:\/\/snirs-cfecgc.fr\/?page_id=96#primaryimage"},"thumbnailUrl":"https:\/\/snirs-cfecgc.fr\/wp-content\/uploads\/7885909329169521071-1-300x133.jpg","datePublished":"2016-09-02T08:08:09+00:00","dateModified":"2026-01-17T16:04:44+00:00","breadcrumb":{"@id":"https:\/\/snirs-cfecgc.fr\/?page_id=96#breadcrumb"},"inLanguage":"fr-FR","potentialAction":[{"@type":"ReadAction","target":["https:\/\/snirs-cfecgc.fr\/?page_id=96"]}]},{"@type":"ImageObject","inLanguage":"fr-FR","@id":"https:\/\/snirs-cfecgc.fr\/?page_id=96#primaryimage","url":"https:\/\/snirs-cfecgc.fr\/wp-content\/uploads\/7885909329169521071-1.jpg","contentUrl":"https:\/\/snirs-cfecgc.fr\/wp-content\/uploads\/7885909329169521071-1.jpg","width":1574,"height":696},{"@type":"BreadcrumbList","@id":"https:\/\/snirs-cfecgc.fr\/?page_id=96#breadcrumb","itemListElement":[{"@type":"ListItem","position":1,"name":"Accueil","item":"https:\/\/snirs-cfecgc.fr\/"},{"@type":"ListItem","position":2,"name":"Nous conna\u00eetre","item":"https:\/\/snirs-cfecgc.fr\/?page_id=25"},{"@type":"ListItem","position":3,"name":"Le bureau national"}]},{"@type":"WebSite","@id":"https:\/\/snirs-cfecgc.fr\/#website","url":"https:\/\/snirs-cfecgc.fr\/","name":"Syndicat National Ind\u00e9pendant de la Recherche Scientifique et de l'Enseignement Sup\u00e9rieur","description":"Ne pas prendre parti, c&#039;est accepter le parti pris des autres","publisher":{"@id":"https:\/\/snirs-cfecgc.fr\/#organization"},"alternateName":"Snirs CFE-CGC","potentialAction":[{"@type":"SearchAction","target":{"@type":"EntryPoint","urlTemplate":"https:\/\/snirs-cfecgc.fr\/?s={search_term_string}"},"query-input":{"@type":"PropertyValueSpecification","valueRequired":true,"valueName":"search_term_string"}}],"inLanguage":"fr-FR"},{"@type":"Organization","@id":"https:\/\/snirs-cfecgc.fr\/#organization","name":"SNIRS CFE-CGC","alternateName":"SNIRS","url":"https:\/\/snirs-cfecgc.fr\/","logo":{"@type":"ImageObject","inLanguage":"fr-FR","@id":"https:\/\/snirs-cfecgc.fr\/#\/schema\/logo\/image\/","url":"https:\/\/snirs-cfecgc.fr\/wp-content\/uploads\/SNIRS_CFECGCFP-3-300x145-1.png","contentUrl":"https:\/\/snirs-cfecgc.fr\/wp-content\/uploads\/SNIRS_CFECGCFP-3-300x145-1.png","width":300,"height":145,"caption":"SNIRS CFE-CGC"},"image":{"@id":"https:\/\/snirs-cfecgc.fr\/#\/schema\/logo\/image\/"},"sameAs":["https:\/\/x.com\/SnirsCGC"]}]}},"_links":{"self":[{"href":"https:\/\/snirs-cfecgc.fr\/index.php?rest_route=\/wp\/v2\/pages\/96","targetHints":{"allow":["GET"]}}],"collection":[{"href":"https:\/\/snirs-cfecgc.fr\/index.php?rest_route=\/wp\/v2\/pages"}],"about":[{"href":"https:\/\/snirs-cfecgc.fr\/index.php?rest_route=\/wp\/v2\/types\/page"}],"author":[{"embeddable":true,"href":"https:\/\/snirs-cfecgc.fr\/index.php?rest_route=\/wp\/v2\/users\/2"}],"replies":[{"embeddable":true,"href":"https:\/\/snirs-cfecgc.fr\/index.php?rest_route=%2Fwp%2Fv2%2Fcomments&post=96"}],"version-history":[{"count":5,"href":"https:\/\/snirs-cfecgc.fr\/index.php?rest_route=\/wp\/v2\/pages\/96\/revisions"}],"predecessor-version":[{"id":4659,"href":"https:\/\/snirs-cfecgc.fr\/index.php?rest_route=\/wp\/v2\/pages\/96\/revisions\/4659"}],"up":[{"embeddable":true,"href":"https:\/\/snirs-cfecgc.fr\/index.php?rest_route=\/wp\/v2\/pages\/25"}],"wp:attachment":[{"href":"https:\/\/snirs-cfecgc.fr\/index.php?rest_route=%2Fwp%2Fv2%2Fmedia&parent=96"}],"curies":[{"name":"wp","href":"https:\/\/api.w.org\/{rel}","templated":true}]}}