{"id":2940,"date":"2020-02-04T17:40:06","date_gmt":"2020-02-04T16:40:06","guid":{"rendered":"http:\/\/www.snirs.fr\/?page_id=2940"},"modified":"2020-02-04T17:40:06","modified_gmt":"2020-02-04T16:40:06","slug":"la-cfe-cgc","status":"publish","type":"page","link":"https:\/\/snirs-cfecgc.fr\/?page_id=2940","title":{"rendered":"La CFE-CGC"},"content":{"rendered":"<p><img decoding=\"async\" class=\"alignnone size-full wp-image-1249\" src=\"http:\/\/www.snirs.fr\/\/wp-content\/uploads\/sites\/20836\/2017\/01\/Image_005.png\" alt=\"\" width=\"110\" height=\"116\" \/> La <a href=\"https:\/\/www.cfecgc.org\/\">Conf\u00e9d\u00e9ration Fran\u00e7aise de l&rsquo;Encadrement CGC<\/a> est compos\u00e9e de f\u00e9d\u00e9rations et de syndicats professionnels. Elle est repr\u00e9sent\u00e9e au niveau de l&rsquo;entreprise par la section syndicale, conform\u00e9ment \u00e0 la loi du 27 d\u00e9cembre 1968.<\/p>\n<p>Le SNIRS est affili\u00e9 \u00e0 la <a href=\"https:\/\/www.cfecgcfp.org\">F\u00e9d\u00e9ration des Services Publics de la CFE-CGC<\/a>. <img decoding=\"async\" class=\"alignnone  wp-image-2905\" src=\"http:\/\/www.snirs.fr\/\/wp-content\/uploads\/sites\/20836\/2020\/01\/CFE-CGC_FP-NOUVEAU_LOGO_PNG-1-150x150.jpg\" alt=\"\" width=\"90\" height=\"90\" srcset=\"https:\/\/snirs-cfecgc.fr\/wp-content\/uploads\/2020\/01\/CFE-CGC_FP-NOUVEAU_LOGO_PNG-1-150x150.jpg 150w, https:\/\/snirs-cfecgc.fr\/wp-content\/uploads\/2020\/01\/CFE-CGC_FP-NOUVEAU_LOGO_PNG-1-50x50.jpg 50w, https:\/\/snirs-cfecgc.fr\/wp-content\/uploads\/2020\/01\/CFE-CGC_FP-NOUVEAU_LOGO_PNG-1-80x80.jpg 80w\" sizes=\"(max-width: 90px) 100vw, 90px\" \/><\/p>\n","protected":false},"excerpt":{"rendered":"<p>La Conf\u00e9d\u00e9ration Fran\u00e7aise de l&rsquo;Encadrement CGC est compos\u00e9e de f\u00e9d\u00e9rations et de syndicats professionnels. Elle est repr\u00e9sent\u00e9e au niveau de l&rsquo;entreprise par la section syndicale, conform\u00e9ment \u00e0 la loi du 27 d\u00e9cembre 1968. Le SNIRS est affili\u00e9 \u00e0 la F\u00e9d\u00e9ration des Services Publics de la CFE-CGC.<\/p>\n","protected":false},"author":7,"featured_media":0,"parent":0,"menu_order":0,"comment_status":"closed","ping_status":"closed","template":"","meta":{"_bbp_topic_count":0,"_bbp_reply_count":0,"_bbp_total_topic_count":0,"_bbp_total_reply_count":0,"_bbp_voice_count":0,"_bbp_anonymous_reply_count":0,"_bbp_topic_count_hidden":0,"_bbp_reply_count_hidden":0,"_bbp_forum_subforum_count":0,"om_disable_all_campaigns":false,"footnotes":""},"class_list":["post-2940","page","type-page","status-publish","hentry"],"yoast_head":"<!-- This site is optimized with the Yoast SEO plugin v27.4 - https:\/\/yoast.com\/product\/yoast-seo-wordpress\/ -->\n<title>La CFE-CGC - Syndicat National Ind\u00e9pendant de la Recherche Scientifique et de l&#039;Enseignement Sup\u00e9rieur<\/title>\n<meta name=\"robots\" content=\"index, follow, max-snippet:-1, max-image-preview:large, max-video-preview:-1\" \/>\n<link rel=\"canonical\" href=\"https:\/\/snirs-cfecgc.fr\/?page_id=2940\" class=\"yoast-seo-meta-tag\" \/>\n<meta property=\"og:locale\" content=\"fr_FR\" class=\"yoast-seo-meta-tag\" \/>\n<meta property=\"og:type\" content=\"article\" class=\"yoast-seo-meta-tag\" \/>\n<meta property=\"og:title\" content=\"La CFE-CGC - Syndicat National Ind\u00e9pendant de la Recherche Scientifique et de l&#039;Enseignement Sup\u00e9rieur\" class=\"yoast-seo-meta-tag\" \/>\n<meta property=\"og:description\" content=\"La Conf\u00e9d\u00e9ration Fran\u00e7aise de l&rsquo;Encadrement CGC est compos\u00e9e de f\u00e9d\u00e9rations et de syndicats professionnels. Elle est repr\u00e9sent\u00e9e au niveau de l&rsquo;entreprise par la section syndicale, conform\u00e9ment \u00e0 la loi du 27 d\u00e9cembre 1968. Le SNIRS est affili\u00e9 \u00e0 la F\u00e9d\u00e9ration des Services Publics de la CFE-CGC.\" class=\"yoast-seo-meta-tag\" \/>\n<meta property=\"og:url\" content=\"https:\/\/snirs-cfecgc.fr\/?page_id=2940\" class=\"yoast-seo-meta-tag\" \/>\n<meta property=\"og:site_name\" content=\"Syndicat National Ind\u00e9pendant de la Recherche Scientifique et de l&#039;Enseignement Sup\u00e9rieur\" class=\"yoast-seo-meta-tag\" \/>\n<meta property=\"og:image\" content=\"http:\/\/www.snirs.fr\/\/wp-content\/uploads\/sites\/20836\/2017\/01\/Image_005.png\" class=\"yoast-seo-meta-tag\" \/>\n<meta name=\"twitter:card\" content=\"summary_large_image\" class=\"yoast-seo-meta-tag\" \/>\n<meta name=\"twitter:site\" content=\"@SnirsCGC\" class=\"yoast-seo-meta-tag\" \/>\n<script type=\"application\/ld+json\" class=\"yoast-schema-graph\">{\"@context\":\"https:\\\/\\\/schema.org\",\"@graph\":[{\"@type\":\"WebPage\",\"@id\":\"https:\\\/\\\/snirs-cfecgc.fr\\\/?page_id=2940\",\"url\":\"https:\\\/\\\/snirs-cfecgc.fr\\\/?page_id=2940\",\"name\":\"La CFE-CGC - Syndicat National Ind\u00e9pendant de la Recherche Scientifique et de l&#039;Enseignement Sup\u00e9rieur\",\"isPartOf\":{\"@id\":\"https:\\\/\\\/snirs-cfecgc.fr\\\/#website\"},\"primaryImageOfPage\":{\"@id\":\"https:\\\/\\\/snirs-cfecgc.fr\\\/?page_id=2940#primaryimage\"},\"image\":{\"@id\":\"https:\\\/\\\/snirs-cfecgc.fr\\\/?page_id=2940#primaryimage\"},\"thumbnailUrl\":\"http:\\\/\\\/www.snirs.fr\\\/\\\/wp-content\\\/uploads\\\/sites\\\/20836\\\/2017\\\/01\\\/Image_005.png\",\"datePublished\":\"2020-02-04T16:40:06+00:00\",\"breadcrumb\":{\"@id\":\"https:\\\/\\\/snirs-cfecgc.fr\\\/?page_id=2940#breadcrumb\"},\"inLanguage\":\"fr-FR\",\"potentialAction\":[{\"@type\":\"ReadAction\",\"target\":[\"https:\\\/\\\/snirs-cfecgc.fr\\\/?page_id=2940\"]}]},{\"@type\":\"ImageObject\",\"inLanguage\":\"fr-FR\",\"@id\":\"https:\\\/\\\/snirs-cfecgc.fr\\\/?page_id=2940#primaryimage\",\"url\":\"http:\\\/\\\/www.snirs.fr\\\/\\\/wp-content\\\/uploads\\\/sites\\\/20836\\\/2017\\\/01\\\/Image_005.png\",\"contentUrl\":\"http:\\\/\\\/www.snirs.fr\\\/\\\/wp-content\\\/uploads\\\/sites\\\/20836\\\/2017\\\/01\\\/Image_005.png\"},{\"@type\":\"BreadcrumbList\",\"@id\":\"https:\\\/\\\/snirs-cfecgc.fr\\\/?page_id=2940#breadcrumb\",\"itemListElement\":[{\"@type\":\"ListItem\",\"position\":1,\"name\":\"Accueil\",\"item\":\"https:\\\/\\\/snirs-cfecgc.fr\\\/\"},{\"@type\":\"ListItem\",\"position\":2,\"name\":\"La CFE-CGC\"}]},{\"@type\":\"WebSite\",\"@id\":\"https:\\\/\\\/snirs-cfecgc.fr\\\/#website\",\"url\":\"https:\\\/\\\/snirs-cfecgc.fr\\\/\",\"name\":\"Syndicat National Ind\u00e9pendant de la Recherche Scientifique et de l'Enseignement Sup\u00e9rieur\",\"description\":\"Ne pas prendre parti, c&#039;est accepter le parti pris des autres\",\"publisher\":{\"@id\":\"https:\\\/\\\/snirs-cfecgc.fr\\\/#organization\"},\"alternateName\":\"Snirs CFE-CGC\",\"potentialAction\":[{\"@type\":\"SearchAction\",\"target\":{\"@type\":\"EntryPoint\",\"urlTemplate\":\"https:\\\/\\\/snirs-cfecgc.fr\\\/?s={search_term_string}\"},\"query-input\":{\"@type\":\"PropertyValueSpecification\",\"valueRequired\":true,\"valueName\":\"search_term_string\"}}],\"inLanguage\":\"fr-FR\"},{\"@type\":\"Organization\",\"@id\":\"https:\\\/\\\/snirs-cfecgc.fr\\\/#organization\",\"name\":\"SNIRS CFE-CGC\",\"alternateName\":\"SNIRS\",\"url\":\"https:\\\/\\\/snirs-cfecgc.fr\\\/\",\"logo\":{\"@type\":\"ImageObject\",\"inLanguage\":\"fr-FR\",\"@id\":\"https:\\\/\\\/snirs-cfecgc.fr\\\/#\\\/schema\\\/logo\\\/image\\\/\",\"url\":\"https:\\\/\\\/snirs-cfecgc.fr\\\/wp-content\\\/uploads\\\/SNIRS_CFECGCFP-3-300x145-1.png\",\"contentUrl\":\"https:\\\/\\\/snirs-cfecgc.fr\\\/wp-content\\\/uploads\\\/SNIRS_CFECGCFP-3-300x145-1.png\",\"width\":300,\"height\":145,\"caption\":\"SNIRS CFE-CGC\"},\"image\":{\"@id\":\"https:\\\/\\\/snirs-cfecgc.fr\\\/#\\\/schema\\\/logo\\\/image\\\/\"},\"sameAs\":[\"https:\\\/\\\/x.com\\\/SnirsCGC\"]}]}<\/script>\n<!-- \/ Yoast SEO plugin. -->","yoast_head_json":{"title":"La CFE-CGC - Syndicat National Ind\u00e9pendant de la Recherche Scientifique et de l&#039;Enseignement Sup\u00e9rieur","robots":{"index":"index","follow":"follow","max-snippet":"max-snippet:-1","max-image-preview":"max-image-preview:large","max-video-preview":"max-video-preview:-1"},"canonical":"https:\/\/snirs-cfecgc.fr\/?page_id=2940","og_locale":"fr_FR","og_type":"article","og_title":"La CFE-CGC - Syndicat National Ind\u00e9pendant de la Recherche Scientifique et de l&#039;Enseignement Sup\u00e9rieur","og_description":"La Conf\u00e9d\u00e9ration Fran\u00e7aise de l&rsquo;Encadrement CGC est compos\u00e9e de f\u00e9d\u00e9rations et de syndicats professionnels. Elle est repr\u00e9sent\u00e9e au niveau de l&rsquo;entreprise par la section syndicale, conform\u00e9ment \u00e0 la loi du 27 d\u00e9cembre 1968. Le SNIRS est affili\u00e9 \u00e0 la F\u00e9d\u00e9ration des Services Publics de la CFE-CGC.","og_url":"https:\/\/snirs-cfecgc.fr\/?page_id=2940","og_site_name":"Syndicat National Ind\u00e9pendant de la Recherche Scientifique et de l&#039;Enseignement Sup\u00e9rieur","og_image":[{"url":"http:\/\/www.snirs.fr\/\/wp-content\/uploads\/sites\/20836\/2017\/01\/Image_005.png","type":"","width":"","height":""}],"twitter_card":"summary_large_image","twitter_site":"@SnirsCGC","schema":{"@context":"https:\/\/schema.org","@graph":[{"@type":"WebPage","@id":"https:\/\/snirs-cfecgc.fr\/?page_id=2940","url":"https:\/\/snirs-cfecgc.fr\/?page_id=2940","name":"La CFE-CGC - Syndicat National Ind\u00e9pendant de la Recherche Scientifique et de l&#039;Enseignement Sup\u00e9rieur","isPartOf":{"@id":"https:\/\/snirs-cfecgc.fr\/#website"},"primaryImageOfPage":{"@id":"https:\/\/snirs-cfecgc.fr\/?page_id=2940#primaryimage"},"image":{"@id":"https:\/\/snirs-cfecgc.fr\/?page_id=2940#primaryimage"},"thumbnailUrl":"http:\/\/www.snirs.fr\/\/wp-content\/uploads\/sites\/20836\/2017\/01\/Image_005.png","datePublished":"2020-02-04T16:40:06+00:00","breadcrumb":{"@id":"https:\/\/snirs-cfecgc.fr\/?page_id=2940#breadcrumb"},"inLanguage":"fr-FR","potentialAction":[{"@type":"ReadAction","target":["https:\/\/snirs-cfecgc.fr\/?page_id=2940"]}]},{"@type":"ImageObject","inLanguage":"fr-FR","@id":"https:\/\/snirs-cfecgc.fr\/?page_id=2940#primaryimage","url":"http:\/\/www.snirs.fr\/\/wp-content\/uploads\/sites\/20836\/2017\/01\/Image_005.png","contentUrl":"http:\/\/www.snirs.fr\/\/wp-content\/uploads\/sites\/20836\/2017\/01\/Image_005.png"},{"@type":"BreadcrumbList","@id":"https:\/\/snirs-cfecgc.fr\/?page_id=2940#breadcrumb","itemListElement":[{"@type":"ListItem","position":1,"name":"Accueil","item":"https:\/\/snirs-cfecgc.fr\/"},{"@type":"ListItem","position":2,"name":"La CFE-CGC"}]},{"@type":"WebSite","@id":"https:\/\/snirs-cfecgc.fr\/#website","url":"https:\/\/snirs-cfecgc.fr\/","name":"Syndicat National Ind\u00e9pendant de la Recherche Scientifique et de l'Enseignement Sup\u00e9rieur","description":"Ne pas prendre parti, c&#039;est accepter le parti pris des autres","publisher":{"@id":"https:\/\/snirs-cfecgc.fr\/#organization"},"alternateName":"Snirs CFE-CGC","potentialAction":[{"@type":"SearchAction","target":{"@type":"EntryPoint","urlTemplate":"https:\/\/snirs-cfecgc.fr\/?s={search_term_string}"},"query-input":{"@type":"PropertyValueSpecification","valueRequired":true,"valueName":"search_term_string"}}],"inLanguage":"fr-FR"},{"@type":"Organization","@id":"https:\/\/snirs-cfecgc.fr\/#organization","name":"SNIRS CFE-CGC","alternateName":"SNIRS","url":"https:\/\/snirs-cfecgc.fr\/","logo":{"@type":"ImageObject","inLanguage":"fr-FR","@id":"https:\/\/snirs-cfecgc.fr\/#\/schema\/logo\/image\/","url":"https:\/\/snirs-cfecgc.fr\/wp-content\/uploads\/SNIRS_CFECGCFP-3-300x145-1.png","contentUrl":"https:\/\/snirs-cfecgc.fr\/wp-content\/uploads\/SNIRS_CFECGCFP-3-300x145-1.png","width":300,"height":145,"caption":"SNIRS CFE-CGC"},"image":{"@id":"https:\/\/snirs-cfecgc.fr\/#\/schema\/logo\/image\/"},"sameAs":["https:\/\/x.com\/SnirsCGC"]}]}},"_links":{"self":[{"href":"https:\/\/snirs-cfecgc.fr\/index.php?rest_route=\/wp\/v2\/pages\/2940","targetHints":{"allow":["GET"]}}],"collection":[{"href":"https:\/\/snirs-cfecgc.fr\/index.php?rest_route=\/wp\/v2\/pages"}],"about":[{"href":"https:\/\/snirs-cfecgc.fr\/index.php?rest_route=\/wp\/v2\/types\/page"}],"author":[{"embeddable":true,"href":"https:\/\/snirs-cfecgc.fr\/index.php?rest_route=\/wp\/v2\/users\/7"}],"replies":[{"embeddable":true,"href":"https:\/\/snirs-cfecgc.fr\/index.php?rest_route=%2Fwp%2Fv2%2Fcomments&post=2940"}],"version-history":[{"count":0,"href":"https:\/\/snirs-cfecgc.fr\/index.php?rest_route=\/wp\/v2\/pages\/2940\/revisions"}],"wp:attachment":[{"href":"https:\/\/snirs-cfecgc.fr\/index.php?rest_route=%2Fwp%2Fv2%2Fmedia&parent=2940"}],"curies":[{"name":"wp","href":"https:\/\/api.w.org\/{rel}","templated":true}]}}