{"id":131,"date":"2016-09-02T13:53:14","date_gmt":"2016-09-02T11:53:14","guid":{"rendered":"http:\/\/snirscfecgc.neowordpress.fr\/?page_id=131"},"modified":"2024-09-25T17:41:19","modified_gmt":"2024-09-25T15:41:19","slug":"pourquoi-adherer","status":"publish","type":"page","link":"https:\/\/snirs-cfecgc.fr\/?page_id=131","title":{"rendered":"Pourquoi adh\u00e9rer ?"},"content":{"rendered":"\n<p>Se syndiquer, pour quoi faire ?<\/p>\n\n\n\n<p>Pour conna\u00eetre vos droits, pour \u00eatre aid\u00e9 dans le d\u00e9roulement de votre carri\u00e8re : titularisation (apr\u00e8s stage, CDD handicap, poste pr\u00e9caire&#8230;), promotions, mobilit\u00e9&#8230;,<\/p>\n\n\n\n<p>Pour vous d\u00e9fendre.<\/p>\n\n\n\n<p>Pour participer activement aux d\u00e9cisions.<\/p>\n\n\n\n<p>Notre syndicat a pour vocation :<\/p>\n\n\n\n<ul class=\"wp-block-list\">\n<li>de vous informer sur vos droits, vos obligations et l&rsquo;\u00e9volution de votre environnement professionnel ;<\/li>\n\n\n\n<li>de vous repr\u00e9senter dans les instances et lors des n\u00e9gociations avec les autorit\u00e9s de tutelle ;<\/li>\n\n\n\n<li>de d\u00e9fendre vos int\u00e9r\u00eats professionnels \u00e0 titre individuel et collectif.<\/li>\n<\/ul>\n\n\n\n<p><strong><mark style=\"background-color:rgba(0, 0, 0, 0)\" class=\"has-inline-color has-vivid-cyan-blue-color\">En vous syndiquant, vous pourrez :<\/mark><\/strong><\/p>\n\n\n\n<ul class=\"wp-block-list\">\n<li>participer \u00e0 nos r\u00e9unions, y \u00e9changer des informations et y discuter en toute libert\u00e9 des probl\u00e8mes qui vous pr\u00e9occupent ;<\/li>\n\n\n\n<li>mieux comprendre le fonctionnement des organismes dont vous d\u00e9pendez ;<\/li>\n\n\n\n<li>\u00eatre directement inform\u00e9s par nos Nouvelles br\u00e8ves de la Recherche scientifique, p\u00e9riodique trimestriel du SNIRS ;<\/li>\n\n\n\n<li>intervenir efficacement dans les instances o\u00f9 sont trait\u00e9s vos int\u00e9r\u00eats et ceux de vos coll\u00e8gues.<\/li>\n<\/ul>\n\n\n\n<p>Vous serez ainsi tenu au courant de la vie de votre organisme, en permanence et de fa\u00e7on objective.<\/p>\n\n\n<a href=\"https:\/\/snirs-cfecgc.fr\/wp-content\/uploads\/TRACT-SNIRS-2024-page-2-3_AH.pdf\" class=\"pdfemb-viewer\" style=\"\" data-width=\"max\" data-height=\"max\" data-toolbar=\"bottom\" data-toolbar-fixed=\"off\">TRACT-SNIRS-2024-page-2-3_AH<\/a>","protected":false},"excerpt":{"rendered":"<p>Se syndiquer, pour quoi faire ? Pour conna\u00eetre vos droits, pour \u00eatre aid\u00e9 dans le d\u00e9roulement de votre carri\u00e8re : titularisation (apr\u00e8s stage, CDD handicap, poste pr\u00e9caire&#8230;), promotions, mobilit\u00e9&#8230;, Pour vous d\u00e9fendre. Pour participer activement aux d\u00e9cisions. Notre syndicat a pour vocation : En vous syndiquant, vous pourrez : Vous serez ainsi tenu au courant [&hellip;]<\/p>\n","protected":false},"author":2,"featured_media":0,"parent":18,"menu_order":1,"comment_status":"closed","ping_status":"closed","template":"","meta":{"_bbp_topic_count":0,"_bbp_reply_count":0,"_bbp_total_topic_count":0,"_bbp_total_reply_count":0,"_bbp_voice_count":0,"_bbp_anonymous_reply_count":0,"_bbp_topic_count_hidden":0,"_bbp_reply_count_hidden":0,"_bbp_forum_subforum_count":0,"om_disable_all_campaigns":false,"footnotes":""},"class_list":["post-131","page","type-page","status-publish","hentry"],"yoast_head":"<!-- This site is optimized with the Yoast SEO plugin v27.4 - https:\/\/yoast.com\/product\/yoast-seo-wordpress\/ -->\n<title>Pourquoi adh\u00e9rer ? - Syndicat National Ind\u00e9pendant de la Recherche Scientifique et de l&#039;Enseignement Sup\u00e9rieur<\/title>\n<meta name=\"robots\" content=\"index, follow, max-snippet:-1, max-image-preview:large, max-video-preview:-1\" \/>\n<link rel=\"canonical\" href=\"https:\/\/snirs-cfecgc.fr\/?page_id=131\" class=\"yoast-seo-meta-tag\" \/>\n<meta property=\"og:locale\" content=\"fr_FR\" class=\"yoast-seo-meta-tag\" \/>\n<meta property=\"og:type\" content=\"article\" class=\"yoast-seo-meta-tag\" \/>\n<meta property=\"og:title\" content=\"Pourquoi adh\u00e9rer ? - Syndicat National Ind\u00e9pendant de la Recherche Scientifique et de l&#039;Enseignement Sup\u00e9rieur\" class=\"yoast-seo-meta-tag\" \/>\n<meta property=\"og:description\" content=\"Se syndiquer, pour quoi faire ? Pour conna\u00eetre vos droits, pour \u00eatre aid\u00e9 dans le d\u00e9roulement de votre carri\u00e8re : titularisation (apr\u00e8s stage, CDD handicap, poste pr\u00e9caire&#8230;), promotions, mobilit\u00e9&#8230;, Pour vous d\u00e9fendre. Pour participer activement aux d\u00e9cisions. Notre syndicat a pour vocation : En vous syndiquant, vous pourrez : Vous serez ainsi tenu au courant [&hellip;]\" class=\"yoast-seo-meta-tag\" \/>\n<meta property=\"og:url\" content=\"https:\/\/snirs-cfecgc.fr\/?page_id=131\" class=\"yoast-seo-meta-tag\" \/>\n<meta property=\"og:site_name\" content=\"Syndicat National Ind\u00e9pendant de la Recherche Scientifique et de l&#039;Enseignement Sup\u00e9rieur\" class=\"yoast-seo-meta-tag\" \/>\n<meta property=\"article:modified_time\" content=\"2024-09-25T15:41:19+00:00\" class=\"yoast-seo-meta-tag\" \/>\n<meta property=\"og:image\" content=\"https:\/\/snirs-cfecgc.fr\/wp-content\/uploads\/SNIRS_CFECGCFP-3-300x145-1.png\" class=\"yoast-seo-meta-tag\" \/>\n\t<meta property=\"og:image:width\" content=\"300\" class=\"yoast-seo-meta-tag\" \/>\n\t<meta property=\"og:image:height\" content=\"145\" class=\"yoast-seo-meta-tag\" \/>\n\t<meta property=\"og:image:type\" content=\"image\/png\" class=\"yoast-seo-meta-tag\" \/>\n<meta name=\"twitter:card\" content=\"summary_large_image\" class=\"yoast-seo-meta-tag\" \/>\n<meta name=\"twitter:site\" content=\"@SnirsCGC\" class=\"yoast-seo-meta-tag\" \/>\n<meta name=\"twitter:label1\" content=\"Dur\u00e9e de lecture estim\u00e9e\" class=\"yoast-seo-meta-tag\" \/>\n\t<meta name=\"twitter:data1\" content=\"1 minute\" class=\"yoast-seo-meta-tag\" \/>\n<script type=\"application\/ld+json\" class=\"yoast-schema-graph\">{\"@context\":\"https:\\\/\\\/schema.org\",\"@graph\":[{\"@type\":\"WebPage\",\"@id\":\"https:\\\/\\\/snirs-cfecgc.fr\\\/?page_id=131\",\"url\":\"https:\\\/\\\/snirs-cfecgc.fr\\\/?page_id=131\",\"name\":\"Pourquoi adh\u00e9rer ? - Syndicat National Ind\u00e9pendant de la Recherche Scientifique et de l&#039;Enseignement Sup\u00e9rieur\",\"isPartOf\":{\"@id\":\"https:\\\/\\\/snirs-cfecgc.fr\\\/#website\"},\"datePublished\":\"2016-09-02T11:53:14+00:00\",\"dateModified\":\"2024-09-25T15:41:19+00:00\",\"breadcrumb\":{\"@id\":\"https:\\\/\\\/snirs-cfecgc.fr\\\/?page_id=131#breadcrumb\"},\"inLanguage\":\"fr-FR\",\"potentialAction\":[{\"@type\":\"ReadAction\",\"target\":[\"https:\\\/\\\/snirs-cfecgc.fr\\\/?page_id=131\"]}]},{\"@type\":\"BreadcrumbList\",\"@id\":\"https:\\\/\\\/snirs-cfecgc.fr\\\/?page_id=131#breadcrumb\",\"itemListElement\":[{\"@type\":\"ListItem\",\"position\":1,\"name\":\"Accueil\",\"item\":\"https:\\\/\\\/snirs-cfecgc.fr\\\/\"},{\"@type\":\"ListItem\",\"position\":2,\"name\":\"Nous rejoindre\",\"item\":\"https:\\\/\\\/snirs-cfecgc.fr\\\/?page_id=18\"},{\"@type\":\"ListItem\",\"position\":3,\"name\":\"Pourquoi adh\u00e9rer ?\"}]},{\"@type\":\"WebSite\",\"@id\":\"https:\\\/\\\/snirs-cfecgc.fr\\\/#website\",\"url\":\"https:\\\/\\\/snirs-cfecgc.fr\\\/\",\"name\":\"Syndicat National Ind\u00e9pendant de la Recherche Scientifique et de l'Enseignement Sup\u00e9rieur\",\"description\":\"Ne pas prendre parti, c&#039;est accepter le parti pris des autres\",\"publisher\":{\"@id\":\"https:\\\/\\\/snirs-cfecgc.fr\\\/#organization\"},\"alternateName\":\"Snirs CFE-CGC\",\"potentialAction\":[{\"@type\":\"SearchAction\",\"target\":{\"@type\":\"EntryPoint\",\"urlTemplate\":\"https:\\\/\\\/snirs-cfecgc.fr\\\/?s={search_term_string}\"},\"query-input\":{\"@type\":\"PropertyValueSpecification\",\"valueRequired\":true,\"valueName\":\"search_term_string\"}}],\"inLanguage\":\"fr-FR\"},{\"@type\":\"Organization\",\"@id\":\"https:\\\/\\\/snirs-cfecgc.fr\\\/#organization\",\"name\":\"SNIRS CFE-CGC\",\"alternateName\":\"SNIRS\",\"url\":\"https:\\\/\\\/snirs-cfecgc.fr\\\/\",\"logo\":{\"@type\":\"ImageObject\",\"inLanguage\":\"fr-FR\",\"@id\":\"https:\\\/\\\/snirs-cfecgc.fr\\\/#\\\/schema\\\/logo\\\/image\\\/\",\"url\":\"https:\\\/\\\/snirs-cfecgc.fr\\\/wp-content\\\/uploads\\\/SNIRS_CFECGCFP-3-300x145-1.png\",\"contentUrl\":\"https:\\\/\\\/snirs-cfecgc.fr\\\/wp-content\\\/uploads\\\/SNIRS_CFECGCFP-3-300x145-1.png\",\"width\":300,\"height\":145,\"caption\":\"SNIRS CFE-CGC\"},\"image\":{\"@id\":\"https:\\\/\\\/snirs-cfecgc.fr\\\/#\\\/schema\\\/logo\\\/image\\\/\"},\"sameAs\":[\"https:\\\/\\\/x.com\\\/SnirsCGC\"]}]}<\/script>\n<!-- \/ Yoast SEO plugin. -->","yoast_head_json":{"title":"Pourquoi adh\u00e9rer ? - Syndicat National Ind\u00e9pendant de la Recherche Scientifique et de l&#039;Enseignement Sup\u00e9rieur","robots":{"index":"index","follow":"follow","max-snippet":"max-snippet:-1","max-image-preview":"max-image-preview:large","max-video-preview":"max-video-preview:-1"},"canonical":"https:\/\/snirs-cfecgc.fr\/?page_id=131","og_locale":"fr_FR","og_type":"article","og_title":"Pourquoi adh\u00e9rer ? - Syndicat National Ind\u00e9pendant de la Recherche Scientifique et de l&#039;Enseignement Sup\u00e9rieur","og_description":"Se syndiquer, pour quoi faire ? Pour conna\u00eetre vos droits, pour \u00eatre aid\u00e9 dans le d\u00e9roulement de votre carri\u00e8re : titularisation (apr\u00e8s stage, CDD handicap, poste pr\u00e9caire&#8230;), promotions, mobilit\u00e9&#8230;, Pour vous d\u00e9fendre. Pour participer activement aux d\u00e9cisions. Notre syndicat a pour vocation : En vous syndiquant, vous pourrez : Vous serez ainsi tenu au courant [&hellip;]","og_url":"https:\/\/snirs-cfecgc.fr\/?page_id=131","og_site_name":"Syndicat National Ind\u00e9pendant de la Recherche Scientifique et de l&#039;Enseignement Sup\u00e9rieur","article_modified_time":"2024-09-25T15:41:19+00:00","og_image":[{"width":300,"height":145,"url":"https:\/\/snirs-cfecgc.fr\/wp-content\/uploads\/SNIRS_CFECGCFP-3-300x145-1.png","type":"image\/png"}],"twitter_card":"summary_large_image","twitter_site":"@SnirsCGC","twitter_misc":{"Dur\u00e9e de lecture estim\u00e9e":"1 minute"},"schema":{"@context":"https:\/\/schema.org","@graph":[{"@type":"WebPage","@id":"https:\/\/snirs-cfecgc.fr\/?page_id=131","url":"https:\/\/snirs-cfecgc.fr\/?page_id=131","name":"Pourquoi adh\u00e9rer ? - Syndicat National Ind\u00e9pendant de la Recherche Scientifique et de l&#039;Enseignement Sup\u00e9rieur","isPartOf":{"@id":"https:\/\/snirs-cfecgc.fr\/#website"},"datePublished":"2016-09-02T11:53:14+00:00","dateModified":"2024-09-25T15:41:19+00:00","breadcrumb":{"@id":"https:\/\/snirs-cfecgc.fr\/?page_id=131#breadcrumb"},"inLanguage":"fr-FR","potentialAction":[{"@type":"ReadAction","target":["https:\/\/snirs-cfecgc.fr\/?page_id=131"]}]},{"@type":"BreadcrumbList","@id":"https:\/\/snirs-cfecgc.fr\/?page_id=131#breadcrumb","itemListElement":[{"@type":"ListItem","position":1,"name":"Accueil","item":"https:\/\/snirs-cfecgc.fr\/"},{"@type":"ListItem","position":2,"name":"Nous rejoindre","item":"https:\/\/snirs-cfecgc.fr\/?page_id=18"},{"@type":"ListItem","position":3,"name":"Pourquoi adh\u00e9rer ?"}]},{"@type":"WebSite","@id":"https:\/\/snirs-cfecgc.fr\/#website","url":"https:\/\/snirs-cfecgc.fr\/","name":"Syndicat National Ind\u00e9pendant de la Recherche Scientifique et de l'Enseignement Sup\u00e9rieur","description":"Ne pas prendre parti, c&#039;est accepter le parti pris des autres","publisher":{"@id":"https:\/\/snirs-cfecgc.fr\/#organization"},"alternateName":"Snirs CFE-CGC","potentialAction":[{"@type":"SearchAction","target":{"@type":"EntryPoint","urlTemplate":"https:\/\/snirs-cfecgc.fr\/?s={search_term_string}"},"query-input":{"@type":"PropertyValueSpecification","valueRequired":true,"valueName":"search_term_string"}}],"inLanguage":"fr-FR"},{"@type":"Organization","@id":"https:\/\/snirs-cfecgc.fr\/#organization","name":"SNIRS CFE-CGC","alternateName":"SNIRS","url":"https:\/\/snirs-cfecgc.fr\/","logo":{"@type":"ImageObject","inLanguage":"fr-FR","@id":"https:\/\/snirs-cfecgc.fr\/#\/schema\/logo\/image\/","url":"https:\/\/snirs-cfecgc.fr\/wp-content\/uploads\/SNIRS_CFECGCFP-3-300x145-1.png","contentUrl":"https:\/\/snirs-cfecgc.fr\/wp-content\/uploads\/SNIRS_CFECGCFP-3-300x145-1.png","width":300,"height":145,"caption":"SNIRS CFE-CGC"},"image":{"@id":"https:\/\/snirs-cfecgc.fr\/#\/schema\/logo\/image\/"},"sameAs":["https:\/\/x.com\/SnirsCGC"]}]}},"_links":{"self":[{"href":"https:\/\/snirs-cfecgc.fr\/index.php?rest_route=\/wp\/v2\/pages\/131","targetHints":{"allow":["GET"]}}],"collection":[{"href":"https:\/\/snirs-cfecgc.fr\/index.php?rest_route=\/wp\/v2\/pages"}],"about":[{"href":"https:\/\/snirs-cfecgc.fr\/index.php?rest_route=\/wp\/v2\/types\/page"}],"author":[{"embeddable":true,"href":"https:\/\/snirs-cfecgc.fr\/index.php?rest_route=\/wp\/v2\/users\/2"}],"replies":[{"embeddable":true,"href":"https:\/\/snirs-cfecgc.fr\/index.php?rest_route=%2Fwp%2Fv2%2Fcomments&post=131"}],"version-history":[{"count":4,"href":"https:\/\/snirs-cfecgc.fr\/index.php?rest_route=\/wp\/v2\/pages\/131\/revisions"}],"predecessor-version":[{"id":4267,"href":"https:\/\/snirs-cfecgc.fr\/index.php?rest_route=\/wp\/v2\/pages\/131\/revisions\/4267"}],"up":[{"embeddable":true,"href":"https:\/\/snirs-cfecgc.fr\/index.php?rest_route=\/wp\/v2\/pages\/18"}],"wp:attachment":[{"href":"https:\/\/snirs-cfecgc.fr\/index.php?rest_route=%2Fwp%2Fv2%2Fmedia&parent=131"}],"curies":[{"name":"wp","href":"https:\/\/api.w.org\/{rel}","templated":true}]}}